rs of 61 - 3/(4 + -1).
2, 3, 5
Suppose 0 - 4 = -2*c. Suppose p + 2 = c*i, -5*p = 2*i + 3*i + 25. Let m = p - -9. What are the prime factors of m?
5
Suppose 7*i - 10 = 2*i. Suppose 17 = i*g - 1. What are the prime factors of g?
3
Let f = -10 + 14. Suppose -4 = -f*x + 3*v - v, 4*v = -2*x + 22. List the prime factors of x.
3
Let y be 0/(-5) - (-4)/2. What are the prime factors of ((-66)/(5 - y))/(-2)?
11
List the prime factors of 2/(-3 + (-166)/(-54)).
3
Let v be 2 + 0 + 0 + 12. Let n = v + 0. Suppose -2*q = -2*m + n, -q - 6 = q. List the prime factors of m.
2
Let a = -29 + 69. List the prime factors of a.
2, 5
Let g = 11 + 32. List the prime factors of g.
43
Let x(h) = -h**3 + 8*h**2 + h - 6. Let r be x(8). Suppose 3*d = 5*o, -r*d - d + 27 = 4*o. Suppose -21 = -6*t + o*t. What are the prime factors of t?
7
List the prime factors of 9805/65 + -8 - 2/(-13).
11, 13
Let n(y) = -y**3 + 4*y**2 + 5*y + 3. Let f be n(5). Suppose c = -f*c + 8. List the prime factors of c.
2
Suppose -3*o - 38 + 113 = 0. List the prime factors of o.
5
Let q be 2/(-5) - 17/(-5). List the prime factors of ((-7)/3)/((-1)/q).
7
List the prime factors of -1 + (-4 - -4) + 11.
2, 5
Let p = 4 - 2. Let n = 7 - p. Let x = n - -7. What are the prime factors of x?
2, 3
Let i(y) = 291*y**2 + 3*y + 3. What are the prime factors of i(-1)?
3, 97
Suppose l = -i, -i + 0*i + 4*l = -20. Suppose 3 = i*j - 29. List the prime factors of j.
2
Suppose 2*y = -3*n - 18 + 47, -11 = -2*n - 3*y. List the prime factors of n.
13
Suppose -2*h = -55 - 1. Let f = h + -17. List the prime factors of f.
11
Suppose 160 = 5*l + 45. Suppose -4*v + 0*v - 8 = -2*f, 5*v = -3*f + l. What are the prime factors of f?
2, 3
List the prime factors of (-6)/2*(-555)/45.
37
Let l(r) = 2 + 2*r**2 - 4*r - 3*r**2 - r. Let t be l(-5). Suppose 0 = t*c + 2*c + o - 45, 0 = 5*c - 2*o - 66. List the prime factors of c.
2, 3
List the prime factors of (-1)/4 + (-594)/(-8).
2, 37
Let w(h) = -h**2 - 4*h - 2. Suppose 5 = -r + 3. What are the prime factors of w(r)?
2
Suppose -4*t = -t + 3, -r + 2*t = -69. What are the prime factors of r?
67
Let c = -114 + 194. Suppose 5*l = -0*l + c. Suppose j - l = -0*j. List the prime factors of j.
2
Suppose 2*t = -5*n + 41, 0*n - t = 4*n - 31. Let l be n/(-2 - (-3)/2). What are the prime factors of 4/(-6) + l/(-3)?
2
Let g(i) be the second derivative of 7*i**3/6 + 2*i**2 - 3*i. Let h be g(3). Suppose 5*m - h = 2*v, -4*m - v - v + 20 = 0. What are the prime factors of m?
5
Let f = -354 + 600. What are the prime factors of f?
2, 3, 41
Let c be 1/(-5) + (-304)/(-20). Suppose -4*q + q + c = 0. Suppose -32 = 5*o - 8*o + 4*l, -92 = -q*o - 3*l. What are the prime factors of o?
2
Let s(q) = q**2 - 4*q - 3. Let h be s(5). Suppose 2*w + 0*w - 28 = 0. List the prime factors of h/(w/10 - 1).
5
Let j = 3 + 0. Suppose j*f - 160 = -f. What are the prime factors of f?
2, 5
Let u(v) = v + 20. Let n be u(0). Let z = n + -10. List the prime factors of -28*(z/(-4) - -2).
2, 7
Let w(s) = -s**2. Let c be w(0). Suppose 0 = 6*z - 2*z - 20. Suppose -2*o = z*g - 68, g - o = -c*o + 8. What are the prime factors of g?
2, 3
Suppose 115 = -4*f + 3*y, 0 = -5*f - 2*y + 4*y - 149. Let q = 6 + f. Let b = q - -36. What are the prime factors of b?
11
Let r = 10 + -6. Let j = r + -2. Suppose j = 2*l - 4. List the prime factors of l.
3
Suppose g - 2*g = -3. Suppose 4*x - 2*v - 78 = 0, -5*x + 27 = g*v - 98. Suppose 5*s - 2*w = -w + x, -16 = -5*s + 3*w. List the prime factors of s.
5
Suppose 3*s + 18 = 72. What are the prime factors of s?
2, 3
Let y(l) = -l**2 - 4*l - 1. Let x(h) = 3*h. Let t be x(-1). List the prime factors of y(t).
2
List the prime factors of 416/4 + -5 + -4.
5, 19
Let n be (-2)/(4/(-5))*2. Let s(d) be the second derivative of -d**5/20 + d**4/2 - 5*d**3/6 + 7*d**2/2 - d. List the prime factors of s(n).
7
Let m(x) = x**2 + 3*x + 3. Let n be m(-3). Suppose q = n*q - 78. What are the prime factors of q?
3, 13
List the prime factors of -534*(-1)/(7 - 3 - 2).
3, 89
Let i be -11*-1*(3 - 2). Let b = 4 + i. List the prime factors of b.
3, 5
Let p = 48 + -9. List the prime factors of p.
3, 13
Let b = -13 + 14. Let u = b + 10. List the prime factors of u.
11
Suppose 3*h - 2*h - 3*w = 14, 0 = -5*h + w + 14. Suppose 0 = h*n + 3*n + 3*g - 125, -2*n + 3*g + 50 = 0. List the prime factors of n.
5
Let j(v) = -2*v + 4. Suppose 0 = -4*h - 12, 32 = -4*i + 5*i + h. Suppose 0*o + 2*o - 5*d = -14, 5*o = 4*d - i. List the prime factors of j(o).
2, 3
Suppose -1 = 3*b - 7. Let x(p) = 2*p**2 + 2*p. List the prime factors of x(b).
2, 3
Suppose -v + 2*c + 12 = 0, 4*c - 78 = -5*v + 5*c. What are the prime factors of v?
2
Let z(b) = b**3 + b**2 + 11. Let d be z(0). Suppose 2*q - g - 26 = g, 0 = -3*q - 4*g + d. Suppose -t + 2*t - q = 0. What are the prime factors of t?
3
Let a be -1 - -3 - (1 - 0). Suppose 0 = 5*b - 66 + a. What are the prime factors of b?
13
Let c(s) = 50*s**2 - 6*s - 6. List the prime factors of c(-1).
2, 5
Suppose -3*m + 35 = -7. Let k = m + -8. What are the prime factors of k?
2, 3
Suppose 3*o = -2*n + 64, -3*n = -5*o - 51 - 83. What are the prime factors of n?
2, 19
Let j(z) = -5*z**2 - 1 + 2*z**2 + 4*z**2. Let p be j(0). Let k(h) = -2*h**3 + h**2 - 1. List the prime factors of k(p).
2
Let b be 1/(-4) + (-13)/(-52). List the prime factors of b - (-2 - (3 + -2)).
3
Let o(v) = v**3 + 4*v**2 - 5*v + 4. Let q be o(-5). Suppose -5*z + q = -11. Suppose -3 = -2*t + z. List the prime factors of t.
3
Let g = 14 - 10. Suppose 4*m - 3*v + 0*v = -25, -4 = g*m + 4*v. Let b = 9 + m. What are the prime factors of b?
5
Let u = 17 + -47. Let z = 4 - u. List the prime factors of z.
2, 17
Suppose 0 = -3*f + 8*f. Suppose f*k = 4*k + 5*t - 39, 0 = -k + t + 3. Suppose b - k*b = -30. List the prime factors of b.
2, 3
Suppose -2*s - 4 = -4*s. Suppose -z = -3*n - 3 - 1, 0 = -4*z - s*n + 2. Let i(p) = 4*p - 1. What are the prime factors of i(z)?
3
Let a(x) = x**3 - 2*x**2 - x - 4. Suppose 2*c = -c + 3. Let h = c - -2. What are the prime factors of a(h)?
2
Let r = 59 + -20. What are the prime factors of r?
3, 13
Suppose -3 = 3*i + 9. List the prime factors of i - (2 + -14 - -1).
7
Let x = -1 - -1. Suppose 5*q - 2*q - 9 = x. Suppose 2*c = -q*c + 20. List the prime factors of c.
2
Let f(h) = 2*h**3 - 5*h**2 - 2*h - 2. What are the prime factors of f(4)?
2, 19
Let w(d) be the third derivative of d**5/60 + 5*d**4/24 + 2*d**3/3 + 7*d**2. Let k = 12 + -18. What are the prime factors of w(k)?
2, 5
Let b(i) = -2*i**3 - 2*i**2 - i + 2. Let v be b(-2). Suppose 5*s + 2 - v = 0. Suppose -s*y + 16 = -2. What are the prime factors of y?
3
Let r = -22 - -27. Suppose r*h - 106 = 134. What are the prime factors of h?
2, 3
Let l(f) = f**3 + f**2 + 2. Let v be l(0). List the prime factors of 17/1 - (2 - v).
17
Let o(g) = 1. Let t(k) = 2*k**2 + 3*k + 5. Let b(v) = -3*o(v) + t(v). Let u be b(-4). Let p = u + -11. List the prime factors of p.
11
Suppose -2*d - d + 3*c = -645, 0 = -4*d - 5*c + 878. What are the prime factors of d?
7, 31
Let u(d) = d + 7. Let r be u(-5). Suppose 0 = 2*p - 4, r*g + p + 3 - 71 = 0. List the prime factors of g.
3, 11
Let t(n) = 2*n**2 + 11*n - 5. List the prime factors of t(-8).
5, 7
Let x(g) = -19*g**2 + g. Let j be x(1). Let z = j - 25. What are the prime factors of (-3)/9 - z/3?
2, 7
Suppose 3*k = -0*k + 159. Suppose k = 3*i - 2*i. List the prime factors of 1/(-4) - i/(-4).
13
Suppose 2*i + 4*g - 524 = 0, 4*i - 2*g - 480 - 568 = 0. List the prime factors of i.
2, 131
Let w be (-1 - -2)*5*-2. List the prime factors of (w/(-6))/(2/36).
2, 3, 5
Let s(d) = 2*d - 1. Let l be s(-2). Let i = l + 8. Suppose 3*m - 72 = -i*x, 0 = 3*m - 5*x + x - 65. What are the prime factors of m?
23
Let d(g) = -2*g**3 - 3*g**2 - 2*g. Let k be d(-2). Suppose -v - 19 = 2*a - 7, 5*v = -4*a - 30. Let f = a + k. List the prime factors of f.
3
Let x(y) = -y**2 + 4*y + 5. Let s be x(4). Let b = 9 - s. What are the prime factors of b?
2
Suppose 0 = -5*z + 2*m + 12, 4*z + 9*m - 36 = 4*m. Suppose 0*i = -z*i - 4. List the prime factors of (-5)/(0 - i)*-2.
2, 5
Suppose -2*i = -7*i + 150. What are the prime factors of (-10)/(-15)*i/4?
5
Let o(s) = s**3 + 8*s**2 + 3*s - 4. Let w be o(-7). Let c = w + -14. What are the prime factors of c?
2, 5
Let w = 4 - 3. Let y(b) = -5*b**3 + w + 